 3*a - 47 = p, -2*p + 4*a + 86 = 0. Suppose 0 = -3*c + 85 + p. What is the greatest common factor of 8 and c?
8
Suppose 8*d - 512 = 192. What is the greatest common factor of d and 8?
8
Suppose 85*r - 78*r - 49 = 0. Calculate the highest common factor of 28 and r.
7
Let s be (-1)/3*(-30 - 3). What is the highest common divisor of 77 and s?
11
Let y = 4 + -7. Let n be (-75)/12*12/y. What is the highest common divisor of 5 and n?
5
Let i be 1/(-2)*-19*4. Let o(j) = -j**3 + 31*j**2 - 45*j + 41. Let z be o(29). Calculate the greatest common factor of i and z.
38
Let z(w) = w**2 - 11*w + 49. Let v be z(7). What is the highest common divisor of 3 and v?
3
Let o = 213 - 203. Calculate the highest common factor of o and 50.
10
Let c = 38 + -16. Suppose -4*a = 4*k + k - 152, -2*a + 78 = 3*k. What is the highest common factor of c and a?
11
Let n(j) = j**3 + 2*j**2 - 4*j - 3. Let o be n(-3). Let y be -1 - (-3 + 1 + o). What is the greatest common factor of 3 and y?
1
Suppose -3*v = -2*k - 5*v + 32, 0 = -2*k - 5*v + 38. Let j = 70 - 14. What is the greatest common factor of k and j?
14
Let o(s) = -s. Let h(w) = 3*w + 1. Let k(c) = h(c) - 3*o(c). Let p be (-6)/(-21) - 15/(-21). Let v be k(p). Calculate the highest common factor of 21 and v.
7
Let r = -43 - -50. Calculate the greatest common divisor of r and 7.
7
Let j be 2/(-1*(-1)/3). Suppose 5*d - 3*s - 2*s = 5, -4*d - 5*s + 49 = 0. Suppose -42 - d = -y. Calculate the greatest common divisor of j and y.
6
Suppose 0 = -3*c + 6 + 12. Calculate the greatest common factor of 12 and c.
6
Let q(j) = j - 1. Let p be q(9). Suppose 2*m - t = 20, -4*m - 1 = 3*t - 21. Calculate the greatest common factor of m and p.
8
Let c = 0 - 6. Let g = 10 + c. Suppose s - g*n + 5 = -3, -s - 3 = -3*n. What is the greatest common factor of s and 60?
12
Let t(o) = -o - 6. Let r be t(-12). Calculate the greatest common factor of r and 4.
2
Let m = -72 + 132. What is the greatest common divisor of 24 and m?
12
Suppose -48 = -s - s. Suppose 3*h - 5*n + n = -17, h = 5*n - s. What is the highest common divisor of h and 1?
1
Suppose 5*j = -3*r + 24, 24 = 3*r - 5*j - 0*j. Calculate the highest common divisor of 88 and r.
8
Suppose 3*j - 174 + 1938 = 0. Let g = j + 183. Let o be g/3*-1 + 1. Calculate the greatest common divisor of o and 17.
17
Suppose -p - 4 = -3*a + 2, 3*a = 2*p + 15. Let m = p - -25. What is the greatest common factor of 40 and m?
8
Suppose -5 = -m, 0 = -k + 3*k - 2*m + 2. Suppose k*d + f = 108, 0*d - 5*f = 2*d - 36. Calculate the highest common divisor of 140 and d.
28
Let l be (-16)/(-40) - (-27)/(-5). Let r = 14 + l. What is the highest common divisor of r and 45?
9
Let s be (6 - -4) + -5 + 21. What is the greatest common divisor of 91 and s?
13
Let v be (-18504)/(-84) - (-2)/(-7). Suppose v = 5*w - 0*w. Calculate the highest common divisor of w and 4.
4
Suppose -5*r + 0*r = -60. Let j = r - 3. Let h be 3/(j/2)*147. What is the greatest common divisor of 14 and h?
14
Let d be (-268)/(-9) + 2/9. What is the greatest common divisor of 45 and d?
15
Suppose 0 = -2*p + 40 + 20. Suppose -3*b + 5*b = -n + 18, -3*b + 57 = 4*n. What is the greatest common factor of p and n?
6
Let h(m) = -m**2 + 10*m + 1. Let v be h(9). Let u = v - 9. Calculate the highest common factor of u and 9.
1
Suppose -4*l - 3 = -15. Suppose l = o + 1. Suppose -7*q = -o*q - 350. Calculate the greatest common divisor of q and 28.
14
Let a be (-21)/2*(-20)/30. Calculate the greatest common factor of a and 14.
7
Suppose r - 2*r + 107 = -3*b, 5*b + 525 = 5*r. Suppose 4*k - r = -24. Suppose 6*y - 506 = y - 2*p, -3*p + 9 = 0. What is the highest common divisor of k and y?
20
Let d be 1/(-3) + 10/3. Suppose -d*u + 4 = -17. Suppose -4*b = -g - u*b + 23, -3*g - 5*b + 53 = 0. Calculate the greatest common factor of g and 88.
11
Let o be (-1694)/(-98) + 4/(-14). Calculate the greatest common factor of o and 17.
17
Let u be 12/18 - 4/(-3). What is the greatest common factor of u and 16?
2
Let a = -9 - -8. Let i = a + 2. What is the greatest common factor of 1 and i?
1
Let t = 20 - -4. Let m be (1 + (-26)/14)*-14. Calculate the greatest common divisor of t and m.
12
Let l = -1 - -12. What is the highest common factor of l and 66?
11
Let w(d) = -d**3 - 25*d**2 + 54*d + 48. Let i be w(-27). What is the highest common divisor of i and 132?
12
Let s(y) = -y**3 + 11*y**2 - 13*y - 3. Let i be s(9). Let o(v) = v**2 - 3. Let m be o(-3). Calculate the highest common divisor of m and i.
6
Let y(d) = -d + 2. Let h be y(-8). Suppose 2*v - h = -0. Calculate the greatest common factor of v and 40.
5
Let h = 6 + -2. Suppose g + 36 = 2*g. What is the highest common factor of h and g?
4
Suppose -u = 4*p - 43, -3*u + 121 = 4*p - 0*p. Suppose 3 + 2 = -s, 0 = -h + 4*s + u. What is the highest common factor of 133 and h?
19
Suppose -11*k + 4*k + 476 = 0. Let c(u) = 3*u - 1. Let w be c(6). What is the greatest common divisor of w and k?
17
Suppose -4*j + 6*j + 4*s - 56 = 0, 2*s = 10. Suppose -10*p + 2*p + 360 = 0. What is the greatest common divisor of p and j?
9
Let v = 149 - 218. Let n = v - -133. What is the highest common divisor of n and 8?
8
Let b(v) be the second derivative of v**4/3 - 5*v**3/6 - 3*v**2 - 5*v. Let z be b(-7). Suppose 3*s = 8*s - z. Calculate the highest common divisor of s and 9.
9
Suppose -5*s = -2*s - 96. Calculate the highest common factor of s and 8.
8
Let b be 2/8 - (-6)/8. Let o(u) = b + u**2 + 1 + 4*u - 4*u**3 + u**2. Let n be o(-2). What is the greatest common divisor of 17 and n?
17
Suppose 5*u + 3 + 7 = 0. Let s be (-5)/(-3*u/6). Let c = 11 + s. Calculate the greatest common divisor of c and 15.
3
Suppose 5 = -5*p + 55. Let a be -1 + 1 + 72 + -2. Calculate the highest common factor of a and p.
10
Let q = 162 - 29. Suppose 10*r = 14 + 176. Calculate the greatest common divisor of r and q.
19
Let z = 6 - -764. Suppose 0 = -2*v - 3*v + z. Calculate the greatest common divisor of 22 and v.
22
Suppose -4*m - 7 = -55. What is the greatest common divisor of 108 and m?
12
Let d be -5*(-1 - -1 - 14). Suppose d + 320 = -3*f. Let y be f/(-8) - (-2)/(-8). What is the highest common factor of y and 40?
8
Let c be (-6 + 3)/((-2)/6). Suppose 0 = 4*p - 43 - c. Let z = 8 - -44. What is the highest common divisor of p and z?
13
Suppose 3*c = -4*k + 17, c - 1 = -2*k + 2. What is the greatest common divisor of c and 33?
11
Suppose -g = -3, -2*g = 4*j - 532 + 110. Calculate the greatest common factor of j and 13.
13
Let x = 4 - 3. Let z be (x + 71)*45/12. Let i = z - 117. What is the highest common factor of 17 and i?
17
Let b be 10/(-5)*14/(-4). Calculate the greatest common factor of 49 and b.
7
Let d = 49 - 28. Let u be (-55)/(-2) - (-5)/(-10). Let k = u - 6. Calculate the highest common divisor of k and d.
21
Let q = 99 - 75. Calculate the highest common factor of q and 96.
24
Let u be (-1 + (-1)/(-3))*-3. Let t be 140/25 + 4/10. Suppose -2*d + 12 = d, 2*h + t = 2*d. Calculate the greatest common factor of u and h.
1
Suppose -2*i - 22 = -62. Calculate the highest common divisor of 30 and i.
10
Suppose 7*c - 78 = 69. Suppose 2*j - 8 = -0*j + 2*l, -2*j + 2 = -4*l. Calculate the greatest common divisor of j and c.
7
Let l(f) be the second derivative of f**4 - f**3/6 + f**2/2 - f. Let j = -6 + 7. Let p be l(j). Calculate the highest common factor of 84 and p.
12
Suppose -6*h - u = -h - 45, 29 = 3*h + u. What is the greatest common factor of 32 and h?
8
Suppose -1 - 2 = -3*d. Calculate the highest common factor of d and 3.
1
Let w = 4 - 3. Suppose 3*v - w = 2. What is the highest common divisor of v and 7?
1
Suppose 4*t - 12 = -3*i, -t - 2 = 2*i - 0*i. What is the highest common divisor of t and 8?
2
Suppose -2*p = 5*g - 29, 0*p - p = 5*g - 32. Suppose -g*c = -5*c - 72. What is the highest common divisor of 6 and c?
6
Let d be -22*(-2)/8*28. Let s be (-2)/5 + d/10. Let r be (-5)/(s/(-252)) - -1. Calculate the highest common divisor of 17 and r.
17
Let z(q) = -8*q - 1. Let j be z(-1). Let i = 16 + -22. Let y = j + i. Calculate the greatest common divisor of 9 and y.
1
Let k be 80*(-1 + -1)/(-2). What is the highest common divisor of 20 and k?
20
Let b be (50/(-15))/((-2)/6). Suppose -4*x - 50 = -5*x. Calculate the highest common factor of x and b.
10
Let a be (-2)/(-4) 